{"id":403257,"date":"2026-03-08T05:39:35","date_gmt":"2026-03-08T04:39:35","guid":{"rendered":"https:\/\/grupotextil.es\/producto\/gorro-original-algodon-organico\/"},"modified":"2026-03-08T05:39:35","modified_gmt":"2026-03-08T04:39:35","slug":"gorro-original-algodon-organico","status":"publish","type":"product","link":"https:\/\/grupotextil.es\/en\/product\/gorro-original-algodon-organico\/","title":{"rendered":"Beanie Original algod\u00f3n org\u00e1nico"},"content":{"rendered":"<ul>\n<li>100% algod\u00f3n (org\u00e1nico)<\/li>\n<li>Tejido ligero y transpirable<\/li>\n<li>Tejido de doble capa<\/li>\n<li>Base dise\u00f1ada para una decoraci\u00f3n \u00f3ptima<\/li>\n<li>Etiqueta TearAway<\/li>\n<\/ul>","protected":false},"excerpt":{"rendered":"<p>100% algod\u00f3n (org\u00e1nico)Tejido ligero y transpirableTejido de doble capaBase dise\u00f1ada para una decoraci\u00f3n \u00f3ptimaEtiqueta TearAway<\/p>","protected":false},"featured_media":428827,"comment_status":"open","ping_status":"closed","template":"","meta":{"_acf_changed":false},"product_brand":[11655],"product_cat":[13954,13974,13932,13930,13975,13983,13973],"product_tag":[],"class_list":{"0":"post-403257","1":"product","2":"type-product","3":"status-publish","4":"has-post-thumbnail","6":"product_brand-beechfield","7":"product_cat-acc-bolsas-y-mochilas","8":"product_cat-ropa-hombre","9":"product_cat-hosteleria-horeca","10":"product_cat-laboral","11":"product_cat-ropa-mujer","12":"product_cat-h-pantalones","13":"product_cat-ropa","14":"tm-no-options","16":"first","17":"instock","18":"taxable","19":"shipping-taxable","20":"product-type-variable"},"acf":[],"_links":{"self":[{"href":"https:\/\/grupotextil.es\/en\/wp-json\/wp\/v2\/product\/403257","targetHints":{"allow":["GET"]}}],"collection":[{"href":"https:\/\/grupotextil.es\/en\/wp-json\/wp\/v2\/product"}],"about":[{"href":"https:\/\/grupotextil.es\/en\/wp-json\/wp\/v2\/types\/product"}],"replies":[{"embeddable":true,"href":"https:\/\/grupotextil.es\/en\/wp-json\/wp\/v2\/comments?post=403257"}],"wp:featuredmedia":[{"embeddable":true,"href":"https:\/\/grupotextil.es\/en\/wp-json\/wp\/v2\/media\/428827"}],"wp:attachment":[{"href":"https:\/\/grupotextil.es\/en\/wp-json\/wp\/v2\/media?parent=403257"}],"wp:term":[{"taxonomy":"product_brand","embeddable":true,"href":"https:\/\/grupotextil.es\/en\/wp-json\/wp\/v2\/product_brand?post=403257"},{"taxonomy":"product_cat","embeddable":true,"href":"https:\/\/grupotextil.es\/en\/wp-json\/wp\/v2\/product_cat?post=403257"},{"taxonomy":"product_tag","embeddable":true,"href":"https:\/\/grupotextil.es\/en\/wp-json\/wp\/v2\/product_tag?post=403257"}],"curies":[{"name":"wp","href":"https:\/\/api.w.org\/{rel}","templated":true}]}}

Beanie Original algodón orgánico

<ul>
<li>100% algodón (orgánico)</li>
<li>Tejido ligero y transpirable</li>
<li>Tejido de doble capa</li>
<li>Base diseñada para una decoración óptima</li>
<li>Etiqueta TearAway</li>
</ul>

<p>100% algodón (orgánico)Tejido ligero y transpirableTejido de doble capaBase diseñada para una decoración óptimaEtiqueta TearAway</p>
