{"id":403302,"date":"2026-03-08T05:39:39","date_gmt":"2026-03-08T04:39:39","guid":{"rendered":"https:\/\/grupotextil.es\/producto\/pantalones-cortos-athletic\/"},"modified":"2026-03-08T05:39:39","modified_gmt":"2026-03-08T04:39:39","slug":"pantalones-cortos-athletic","status":"publish","type":"product","link":"https:\/\/grupotextil.es\/en\/product\/pantalones-cortos-athletic\/","title":{"rendered":"Pantalones cortos Athletic"},"content":{"rendered":"<ul>\n<li>320 g\/m\u00b2<\/li>\n<li>60% Algod\u00f3n, hilado en anillos, 40% Poli\u00e9ster<\/li>\n<li>Cintura el\u00e1stica con cord\u00f3n<\/li>\n<li>Bolsillos laterales<\/li>\n<li>Bolsillo trasero con cremallera<\/li>\n<\/ul>","protected":false},"excerpt":{"rendered":"<p>320 g\/m\u00b260% Algod\u00f3n, hilado en anillos, 40% Poli\u00e9sterCintura el\u00e1stica con cord\u00f3nBolsillos lateralesBolsillo trasero con cremallera<\/p>","protected":false},"featured_media":428861,"comment_status":"open","ping_status":"closed","template":"","meta":{"_acf_changed":false},"product_brand":[11671],"product_cat":[13954,13990,13981,13974,13930,13975,13992,13983,13973],"product_tag":[],"class_list":{"0":"post-403302","1":"product","2":"type-product","3":"status-publish","4":"has-post-thumbnail","6":"product_brand-tee-jays","7":"product_cat-acc-bolsas-y-mochilas","8":"product_cat-m-chaquetas-y-abrigos","9":"product_cat-h-chaquetas-y-abrigos","10":"product_cat-ropa-hombre","11":"product_cat-laboral","12":"product_cat-ropa-mujer","13":"product_cat-m-pantalones","14":"product_cat-h-pantalones","15":"product_cat-ropa","16":"tm-no-options","18":"first","19":"instock","20":"taxable","21":"shipping-taxable","22":"product-type-variable"},"acf":[],"_links":{"self":[{"href":"https:\/\/grupotextil.es\/en\/wp-json\/wp\/v2\/product\/403302","targetHints":{"allow":["GET"]}}],"collection":[{"href":"https:\/\/grupotextil.es\/en\/wp-json\/wp\/v2\/product"}],"about":[{"href":"https:\/\/grupotextil.es\/en\/wp-json\/wp\/v2\/types\/product"}],"replies":[{"embeddable":true,"href":"https:\/\/grupotextil.es\/en\/wp-json\/wp\/v2\/comments?post=403302"}],"wp:featuredmedia":[{"embeddable":true,"href":"https:\/\/grupotextil.es\/en\/wp-json\/wp\/v2\/media\/428861"}],"wp:attachment":[{"href":"https:\/\/grupotextil.es\/en\/wp-json\/wp\/v2\/media?parent=403302"}],"wp:term":[{"taxonomy":"product_brand","embeddable":true,"href":"https:\/\/grupotextil.es\/en\/wp-json\/wp\/v2\/product_brand?post=403302"},{"taxonomy":"product_cat","embeddable":true,"href":"https:\/\/grupotextil.es\/en\/wp-json\/wp\/v2\/product_cat?post=403302"},{"taxonomy":"product_tag","embeddable":true,"href":"https:\/\/grupotextil.es\/en\/wp-json\/wp\/v2\/product_tag?post=403302"}],"curies":[{"name":"wp","href":"https:\/\/api.w.org\/{rel}","templated":true}]}}

<ul>
<li>320 g/m²</li>
<li>60% Algodón, hilado en anillos, 40% Poliéster</li>
<li>Cintura elástica con cordón</li>
<li>Bolsillos laterales</li>
<li>Bolsillo trasero con cremallera</li>
</ul>

<p>320 g/m²60% Algodón, hilado en anillos, 40% PoliésterCintura elástica con cordónBolsillos lateralesBolsillo trasero con cremallera</p>
