{"id":403445,"date":"2026-03-08T05:40:30","date_gmt":"2026-03-08T04:40:30","guid":{"rendered":"https:\/\/grupotextil.es\/producto\/gorro-algodon-organico-diseno-gofre\/"},"modified":"2026-03-08T05:40:30","modified_gmt":"2026-03-08T04:40:30","slug":"gorro-algodon-organico-diseno-gofre","status":"publish","type":"product","link":"https:\/\/grupotextil.es\/en\/product\/gorro-algodon-organico-diseno-gofre\/","title":{"rendered":"Beanie algod\u00f3n org\u00e1nico dise\u00f1o gofre"},"content":{"rendered":"<ul>\n<li>100% algod\u00f3n (org\u00e1nico)<\/li>\n<li>Tejido ligero y transpirable<\/li>\n<li>Tejido gofre de doble capa<\/li>\n<li>Base doblada para mejor decoraci\u00f3n<\/li>\n<li>Etiqueta TearAway para facilitar el cambio de marca<\/li>\n<\/ul>","protected":false},"excerpt":{"rendered":"<p>100% algod\u00f3n (org\u00e1nico)Tejido ligero y transpirableTejido gofre de doble capaBase doblada para mejor decoraci\u00f3nEtiqueta TearAway para facilitar el cambio de marca<\/p>","protected":false},"featured_media":428950,"comment_status":"open","ping_status":"closed","template":"","meta":{"_acf_changed":false},"product_brand":[11655],"product_cat":[13954,13990,13981,13974,13930,13975,13992,13983,13973],"product_tag":[],"class_list":{"0":"post-403445","1":"product","2":"type-product","3":"status-publish","4":"has-post-thumbnail","6":"product_brand-beechfield","7":"product_cat-acc-bolsas-y-mochilas","8":"product_cat-m-chaquetas-y-abrigos","9":"product_cat-h-chaquetas-y-abrigos","10":"product_cat-ropa-hombre","11":"product_cat-laboral","12":"product_cat-ropa-mujer","13":"product_cat-m-pantalones","14":"product_cat-h-pantalones","15":"product_cat-ropa","16":"tm-no-options","18":"first","19":"instock","20":"taxable","21":"shipping-taxable","22":"product-type-variable"},"acf":[],"_links":{"self":[{"href":"https:\/\/grupotextil.es\/en\/wp-json\/wp\/v2\/product\/403445","targetHints":{"allow":["GET"]}}],"collection":[{"href":"https:\/\/grupotextil.es\/en\/wp-json\/wp\/v2\/product"}],"about":[{"href":"https:\/\/grupotextil.es\/en\/wp-json\/wp\/v2\/types\/product"}],"replies":[{"embeddable":true,"href":"https:\/\/grupotextil.es\/en\/wp-json\/wp\/v2\/comments?post=403445"}],"wp:featuredmedia":[{"embeddable":true,"href":"https:\/\/grupotextil.es\/en\/wp-json\/wp\/v2\/media\/428950"}],"wp:attachment":[{"href":"https:\/\/grupotextil.es\/en\/wp-json\/wp\/v2\/media?parent=403445"}],"wp:term":[{"taxonomy":"product_brand","embeddable":true,"href":"https:\/\/grupotextil.es\/en\/wp-json\/wp\/v2\/product_brand?post=403445"},{"taxonomy":"product_cat","embeddable":true,"href":"https:\/\/grupotextil.es\/en\/wp-json\/wp\/v2\/product_cat?post=403445"},{"taxonomy":"product_tag","embeddable":true,"href":"https:\/\/grupotextil.es\/en\/wp-json\/wp\/v2\/product_tag?post=403445"}],"curies":[{"name":"wp","href":"https:\/\/api.w.org\/{rel}","templated":true}]}}

Beanie algodón orgánico diseño gofre

<ul>
<li>100% algodón (orgánico)</li>
<li>Tejido ligero y transpirable</li>
<li>Tejido gofre de doble capa</li>
<li>Base doblada para mejor decoración</li>
<li>Etiqueta TearAway para facilitar el cambio de marca</li>
</ul>

<p>100% algodón (orgánico)Tejido ligero y transpirableTejido gofre de doble capaBase doblada para mejor decoraciónEtiqueta TearAway para facilitar el cambio de marca</p>
