{"id":403618,"date":"2026-03-08T05:41:55","date_gmt":"2026-03-08T04:41:55","guid":{"rendered":"https:\/\/grupotextil.es\/producto\/tote-deportiva-grande\/"},"modified":"2026-03-08T05:41:55","modified_gmt":"2026-03-08T04:41:55","slug":"tote-deportiva-grande","status":"publish","type":"product","link":"https:\/\/grupotextil.es\/en\/product\/tote-deportiva-grande\/","title":{"rendered":"Tote Deportiva Grande"},"content":{"rendered":"<ul>\n<li>70 % algod\u00f3n (reciclado preconsumo), 30 % poli\u00e9ster (reciclado posconsumo)<\/li>\n<li>Contiene 100% algod\u00f3n reciclado certificado.<\/li>\n<li>Tejido pesado de primera calidad<\/li>\n<li>Compartimento principal con cierre magn\u00e9tico.<\/li>\n<li>Bolsillo deslizante externo oculto<\/li>\n<li>Panel de base entubado<\/li>\n<li>Asas con detalles en contraste.<\/li>\n<li>Asas de transporte de tela propia<\/li>\n<li>Se puede llevar en la mano o sobre el hombro.<\/li>\n<li>etiqueta extra\u00edble para facilitar el cambio de marca<\/li>\n<\/ul>","protected":false},"excerpt":{"rendered":"<p>70 % algod\u00f3n (reciclado preconsumo), 30 % poli\u00e9ster (reciclado posconsumo)Contiene 100% algod\u00f3n reciclado certificado.<\/p>","protected":false},"featured_media":429014,"comment_status":"open","ping_status":"closed","template":"","meta":{"_acf_changed":false},"product_brand":[11680],"product_cat":[13954,13981,13990,13974,13930,13975,13983,13992,13973],"product_tag":[],"class_list":{"0":"post-403618","1":"product","2":"type-product","3":"status-publish","4":"has-post-thumbnail","6":"product_brand-westford-mill","7":"product_cat-acc-bolsas-y-mochilas","8":"product_cat-h-chaquetas-y-abrigos","9":"product_cat-m-chaquetas-y-abrigos","10":"product_cat-ropa-hombre","11":"product_cat-laboral","12":"product_cat-ropa-mujer","13":"product_cat-h-pantalones","14":"product_cat-m-pantalones","15":"product_cat-ropa","16":"tm-no-options","18":"first","19":"instock","20":"taxable","21":"shipping-taxable","22":"product-type-variable"},"acf":[],"_links":{"self":[{"href":"https:\/\/grupotextil.es\/en\/wp-json\/wp\/v2\/product\/403618","targetHints":{"allow":["GET"]}}],"collection":[{"href":"https:\/\/grupotextil.es\/en\/wp-json\/wp\/v2\/product"}],"about":[{"href":"https:\/\/grupotextil.es\/en\/wp-json\/wp\/v2\/types\/product"}],"replies":[{"embeddable":true,"href":"https:\/\/grupotextil.es\/en\/wp-json\/wp\/v2\/comments?post=403618"}],"wp:featuredmedia":[{"embeddable":true,"href":"https:\/\/grupotextil.es\/en\/wp-json\/wp\/v2\/media\/429014"}],"wp:attachment":[{"href":"https:\/\/grupotextil.es\/en\/wp-json\/wp\/v2\/media?parent=403618"}],"wp:term":[{"taxonomy":"product_brand","embeddable":true,"href":"https:\/\/grupotextil.es\/en\/wp-json\/wp\/v2\/product_brand?post=403618"},{"taxonomy":"product_cat","embeddable":true,"href":"https:\/\/grupotextil.es\/en\/wp-json\/wp\/v2\/product_cat?post=403618"},{"taxonomy":"product_tag","embeddable":true,"href":"https:\/\/grupotextil.es\/en\/wp-json\/wp\/v2\/product_tag?post=403618"}],"curies":[{"name":"wp","href":"https:\/\/api.w.org\/{rel}","templated":true}]}}

<ul>
<li>70 % algodón (reciclado preconsumo), 30 % poliéster (reciclado posconsumo)</li>
<li>Contiene 100% algodón reciclado certificado.</li>
<li>Tejido pesado de primera calidad</li>
<li>Compartimento principal con cierre magnético.</li>
<li>Bolsillo deslizante externo oculto</li>
<li>Panel de base entubado</li>
<li>Asas con detalles en contraste.</li>
<li>Asas de transporte de tela propia</li>
<li>Se puede llevar en la mano o sobre el hombro.</li>
<li>etiqueta extraíble para facilitar el cambio de marca</li>
</ul>

<p>70 % algodón (reciclado preconsumo), 30 % poliéster (reciclado posconsumo)Contiene 100% algodón reciclado certificado.</p>
