{"id":404440,"date":"2026-03-08T05:46:10","date_gmt":"2026-03-08T04:46:10","guid":{"rendered":"https:\/\/grupotextil.es\/producto\/paris-delantal-con-peto-reciclado\/"},"modified":"2026-03-08T05:46:10","modified_gmt":"2026-03-08T04:46:10","slug":"paris-delantal-con-peto-reciclado","status":"publish","type":"product","link":"https:\/\/grupotextil.es\/en\/product\/paris-delantal-con-peto-reciclado\/","title":{"rendered":"PARIS &#8211; Delantal con peto reciclado"},"content":{"rendered":"<ul>\n<li>205 g\/m\u00b2<\/li>\n<li>65% poli\u00e9ster (Reciclado), 35% algod\u00f3n (Reciclado)<\/li>\n<li>Sarga fina<\/li>\n<li>Colorfast, solidez del color<\/li>\n<li>Cuidado f\u00e1cil<\/li>\n<li>Colorante te\u00f1ido reactivo resistente<\/li>\n<li>Lazos en la cintura<\/li>\n<li>Puntos de tensi\u00f3n reforzados<\/li>\n<li>Medidas: 110 x 78 cm<\/li>\n<li>Lavable hasta 60\u00b0C<\/li>\n<\/ul>","protected":false},"excerpt":{"rendered":"<p>205 g\/m\u00b265% poli\u00e9ster (Reciclado), 35% algod\u00f3n (Reciclado)Sarga finaColorfast, solidez del colorCuidado f\u00e1cilColorante te\u00f1ido reactivo resistenteLazos en la cinturaPuntos de tensi\u00f3n reforzadosMedidas:<\/p>","protected":false},"featured_media":429521,"comment_status":"open","ping_status":"closed","template":"","meta":{"_acf_changed":false},"product_brand":[11683],"product_cat":[13948,13954,13939,13950,13974,13932,13930,13975,13983,13992,13973],"product_tag":[],"class_list":{"0":"post-404440","1":"product","2":"type-product","3":"status-publish","4":"has-post-thumbnail","6":"product_brand-sg-accessories-bistro","7":"product_cat-accesorios","8":"product_cat-acc-bolsas-y-mochilas","9":"product_cat-deportivo","10":"product_cat-gorros-y-beanies","11":"product_cat-ropa-hombre","12":"product_cat-hosteleria-horeca","13":"product_cat-laboral","14":"product_cat-ropa-mujer","15":"product_cat-h-pantalones","16":"product_cat-m-pantalones","17":"product_cat-ropa","18":"tm-no-options","20":"first","21":"instock","22":"taxable","23":"shipping-taxable","24":"product-type-variable"},"acf":[],"_links":{"self":[{"href":"https:\/\/grupotextil.es\/en\/wp-json\/wp\/v2\/product\/404440","targetHints":{"allow":["GET"]}}],"collection":[{"href":"https:\/\/grupotextil.es\/en\/wp-json\/wp\/v2\/product"}],"about":[{"href":"https:\/\/grupotextil.es\/en\/wp-json\/wp\/v2\/types\/product"}],"replies":[{"embeddable":true,"href":"https:\/\/grupotextil.es\/en\/wp-json\/wp\/v2\/comments?post=404440"}],"wp:featuredmedia":[{"embeddable":true,"href":"https:\/\/grupotextil.es\/en\/wp-json\/wp\/v2\/media\/429521"}],"wp:attachment":[{"href":"https:\/\/grupotextil.es\/en\/wp-json\/wp\/v2\/media?parent=404440"}],"wp:term":[{"taxonomy":"product_brand","embeddable":true,"href":"https:\/\/grupotextil.es\/en\/wp-json\/wp\/v2\/product_brand?post=404440"},{"taxonomy":"product_cat","embeddable":true,"href":"https:\/\/grupotextil.es\/en\/wp-json\/wp\/v2\/product_cat?post=404440"},{"taxonomy":"product_tag","embeddable":true,"href":"https:\/\/grupotextil.es\/en\/wp-json\/wp\/v2\/product_tag?post=404440"}],"curies":[{"name":"wp","href":"https:\/\/api.w.org\/{rel}","templated":true}]}}

<ul>
<li>205 g/m²</li>
<li>65% poliéster (Reciclado), 35% algodón (Reciclado)</li>
<li>Sarga fina</li>
<li>Colorfast, solidez del color</li>
<li>Cuidado fácil</li>
<li>Colorante teñido reactivo resistente</li>
<li>Lazos en la cintura</li>
<li>Puntos de tensión reforzados</li>
<li>Medidas: 110 x 78 cm</li>
<li>Lavable hasta 60°C</li>
</ul>

<p>205 g/m²65% poliéster (Reciclado), 35% algodón (Reciclado)Sarga finaColorfast, solidez del colorCuidado fácilColorante teñido reactivo resistenteLazos en la cinturaPuntos de tensión reforzadosMedidas:</p>
