{"id":404447,"date":"2026-03-08T05:46:11","date_gmt":"2026-03-08T04:46:11","guid":{"rendered":"https:\/\/grupotextil.es\/producto\/gorro-snowstar-termico-impermeable\/"},"modified":"2026-03-08T05:46:11","modified_gmt":"2026-03-08T04:46:11","slug":"gorro-snowstar-termico-impermeable","status":"publish","type":"product","link":"https:\/\/grupotextil.es\/en\/product\/gorro-snowstar-termico-impermeable\/","title":{"rendered":"Beanie Snowstar\u00ae t\u00e9rmico impermeable"},"content":{"rendered":"<ul>\n<li>100% poliacr\u00edlico<\/li>\n<li>Heather Grey: 55% poli\u00e9ster, 45% poliacr\u00edlico<\/li>\n<li>Forro de microfibra<\/li>\n<li>Tratamiento impermeable y duradero<\/li>\n<li>Pomp\u00f3n del mismo color<\/li>\n<li>Dobladillo acanalado<\/li>\n<li>Estilo doble: liso o acanalado<\/li>\n<li>Etiqueta extra\u00edble<\/li>\n<\/ul>","protected":false},"excerpt":{"rendered":"<p>100% poliacr\u00edlicoHeather Grey: 55% poli\u00e9ster, 45% poliacr\u00edlicoForro de microfibraTratamiento impermeable y duraderoPomp\u00f3n del mismo colorDobladillo acanaladoEstilo doble: liso o acanaladoEtiqueta extr<\/p>","protected":false},"featured_media":429522,"comment_status":"open","ping_status":"closed","template":"","meta":{"_acf_changed":false},"product_brand":[11655],"product_cat":[13948,13954,13939,13950,13974,13932,13930,13975,13983,13992,13973],"product_tag":[],"class_list":{"0":"post-404447","1":"product","2":"type-product","3":"status-publish","4":"has-post-thumbnail","6":"product_brand-beechfield","7":"product_cat-accesorios","8":"product_cat-acc-bolsas-y-mochilas","9":"product_cat-deportivo","10":"product_cat-gorros-y-beanies","11":"product_cat-ropa-hombre","12":"product_cat-hosteleria-horeca","13":"product_cat-laboral","14":"product_cat-ropa-mujer","15":"product_cat-h-pantalones","16":"product_cat-m-pantalones","17":"product_cat-ropa","18":"tm-no-options","20":"first","21":"instock","22":"taxable","23":"shipping-taxable","24":"product-type-variable"},"acf":[],"_links":{"self":[{"href":"https:\/\/grupotextil.es\/en\/wp-json\/wp\/v2\/product\/404447","targetHints":{"allow":["GET"]}}],"collection":[{"href":"https:\/\/grupotextil.es\/en\/wp-json\/wp\/v2\/product"}],"about":[{"href":"https:\/\/grupotextil.es\/en\/wp-json\/wp\/v2\/types\/product"}],"replies":[{"embeddable":true,"href":"https:\/\/grupotextil.es\/en\/wp-json\/wp\/v2\/comments?post=404447"}],"wp:featuredmedia":[{"embeddable":true,"href":"https:\/\/grupotextil.es\/en\/wp-json\/wp\/v2\/media\/429522"}],"wp:attachment":[{"href":"https:\/\/grupotextil.es\/en\/wp-json\/wp\/v2\/media?parent=404447"}],"wp:term":[{"taxonomy":"product_brand","embeddable":true,"href":"https:\/\/grupotextil.es\/en\/wp-json\/wp\/v2\/product_brand?post=404447"},{"taxonomy":"product_cat","embeddable":true,"href":"https:\/\/grupotextil.es\/en\/wp-json\/wp\/v2\/product_cat?post=404447"},{"taxonomy":"product_tag","embeddable":true,"href":"https:\/\/grupotextil.es\/en\/wp-json\/wp\/v2\/product_tag?post=404447"}],"curies":[{"name":"wp","href":"https:\/\/api.w.org\/{rel}","templated":true}]}}

Beanie Snowstar® térmico impermeable

<ul>
<li>100% poliacrílico</li>
<li>Heather Grey: 55% poliéster, 45% poliacrílico</li>
<li>Forro de microfibra</li>
<li>Tratamiento impermeable y duradero</li>
<li>Pompón del mismo color</li>
<li>Dobladillo acanalado</li>
<li>Estilo doble: liso o acanalado</li>
<li>Etiqueta extraíble</li>
</ul>

<p>100% poliacrílicoHeather Grey: 55% poliéster, 45% poliacrílicoForro de microfibraTratamiento impermeable y duraderoPompón del mismo colorDobladillo acanaladoEstilo doble: liso o acanaladoEtiqueta extr</p>
