{"id":404998,"date":"2026-03-08T05:48:14","date_gmt":"2026-03-08T04:48:14","guid":{"rendered":"https:\/\/grupotextil.es\/producto\/gorro-original-de-rayas-con-dobladillo\/"},"modified":"2026-03-08T05:48:14","modified_gmt":"2026-03-08T04:48:14","slug":"gorro-original-de-rayas-con-dobladillo","status":"publish","type":"product","link":"https:\/\/grupotextil.es\/en\/product\/gorro-original-de-rayas-con-dobladillo\/","title":{"rendered":"Beanie original de rayas con pu\u00f1os el\u00e1sticos"},"content":{"rendered":"<ul>\n<li>50% Poli\u00e9ster (Reciclado), 50% Poliacr\u00edlico<\/li>\n<li>Dise\u00f1o cl\u00e1sico a rayas<\/li>\n<li>Punto de doble capa<\/li>\n<li>Dise\u00f1o con dobladillo anchos para una decoraci\u00f3n \u00f3ptima<\/li>\n<li>Etiqueta extra\u00edble para facilitar el cambio de marca.<\/li>\n<\/ul>","protected":false},"excerpt":{"rendered":"<p>50% Poli\u00e9ster (Reciclado), 50% Poliacr\u00edlicoDise\u00f1o cl\u00e1sico a rayasPunto de doble capaDise\u00f1o con dobladillo anchos para una decoraci\u00f3n \u00f3ptimaEtiqueta extra\u00edble para facilitar el cambio de marca.<\/p>","protected":false},"featured_media":430026,"comment_status":"open","ping_status":"closed","template":"","meta":{"_acf_changed":false},"product_brand":[11655],"product_cat":[13954,13950,13974,13932,13930,13975,13973],"product_tag":[],"class_list":{"0":"post-404998","1":"product","2":"type-product","3":"status-publish","4":"has-post-thumbnail","6":"product_brand-beechfield","7":"product_cat-acc-bolsas-y-mochilas","8":"product_cat-gorros-y-beanies","9":"product_cat-ropa-hombre","10":"product_cat-hosteleria-horeca","11":"product_cat-laboral","12":"product_cat-ropa-mujer","13":"product_cat-ropa","14":"tm-no-options","16":"first","17":"instock","18":"taxable","19":"shipping-taxable","20":"product-type-variable"},"acf":[],"_links":{"self":[{"href":"https:\/\/grupotextil.es\/en\/wp-json\/wp\/v2\/product\/404998","targetHints":{"allow":["GET"]}}],"collection":[{"href":"https:\/\/grupotextil.es\/en\/wp-json\/wp\/v2\/product"}],"about":[{"href":"https:\/\/grupotextil.es\/en\/wp-json\/wp\/v2\/types\/product"}],"replies":[{"embeddable":true,"href":"https:\/\/grupotextil.es\/en\/wp-json\/wp\/v2\/comments?post=404998"}],"wp:featuredmedia":[{"embeddable":true,"href":"https:\/\/grupotextil.es\/en\/wp-json\/wp\/v2\/media\/430026"}],"wp:attachment":[{"href":"https:\/\/grupotextil.es\/en\/wp-json\/wp\/v2\/media?parent=404998"}],"wp:term":[{"taxonomy":"product_brand","embeddable":true,"href":"https:\/\/grupotextil.es\/en\/wp-json\/wp\/v2\/product_brand?post=404998"},{"taxonomy":"product_cat","embeddable":true,"href":"https:\/\/grupotextil.es\/en\/wp-json\/wp\/v2\/product_cat?post=404998"},{"taxonomy":"product_tag","embeddable":true,"href":"https:\/\/grupotextil.es\/en\/wp-json\/wp\/v2\/product_tag?post=404998"}],"curies":[{"name":"wp","href":"https:\/\/api.w.org\/{rel}","templated":true}]}}

Beanie original de rayas con puños elásticos

<ul>
<li>50% Poliéster (Reciclado), 50% Poliacrílico</li>
<li>Diseño clásico a rayas</li>
<li>Punto de doble capa</li>
<li>Diseño con dobladillo anchos para una decoración óptima</li>
<li>Etiqueta extraíble para facilitar el cambio de marca.</li>
</ul>

<p>50% Poliéster (Reciclado), 50% PoliacrílicoDiseño clásico a rayasPunto de doble capaDiseño con dobladillo anchos para una decoración óptimaEtiqueta extraíble para facilitar el cambio de marca.</p>
