{"id":454914,"date":"2026-03-13T06:56:20","date_gmt":"2026-03-13T05:56:20","guid":{"rendered":"https:\/\/grupotextil.es\/producto\/polar-fleece-man\/"},"modified":"2026-03-13T06:56:20","modified_gmt":"2026-03-13T05:56:20","slug":"polar-fleece-man","status":"publish","type":"product","link":"https:\/\/grupotextil.es\/en\/product\/polar-fleece-man\/","title":{"rendered":"Polar Fleece Man"},"content":{"rendered":"<p><strong>Forro polar para hombre con cremallera entera, bolsillos laterales, pu&ntilde;os el&aacute;sticos y cord&oacute;n de ajuste con topes, 100% poli&eacute;ster reciclado. Acabado micropolar antipilin para evitar la aparici&oacute;n de \u00abbolitas\u00bb<\/strong>. Ideal para trabajos en exteriores, actividades de monta&ntilde;a o al aire libre porque proporciona una buena protecci&oacute;n contra el fr&iacute;o. Disponible en 18 colores desde la talla XS hasta la 3XL.<\/p>\n<p>Caracter&iacute;sticas:<\/p>\n<ul>\n<li>Cremallera entera.<\/li>\n<li>Bolsillos laterales.<\/li>\n<li>Acabado micropolar antipiling.<\/li>\n<li>Cord&oacute;n de ajuste con topes.<\/li>\n<li>Pu&ntilde;os el&aacute;sticos.<\/li>\n<\/ul>","protected":false},"excerpt":{"rendered":"<p>Forro polar para hombre con cremallera entera, bolsillos laterales, pu\u00f1os el\u00e1sticos y cord\u00f3n de ajuste con topes, 100% poli\u00e9ster reciclado. Acabado micropolar antipilin para evitar la aparici\u00f3n de \u00abbolitas\u00bb. Ideal para trabajos en exteriores, actividades de monta\u00f1a o al aire libre porque propo<\/p>","protected":false},"featured_media":454915,"comment_status":"open","ping_status":"closed","template":"","meta":{"_acf_changed":false},"product_brand":[],"product_cat":[13981,13974,13973],"product_tag":[],"class_list":{"0":"post-454914","1":"product","2":"type-product","3":"status-publish","4":"has-post-thumbnail","6":"product_cat-h-chaquetas-y-abrigos","7":"product_cat-ropa-hombre","8":"product_cat-ropa","9":"tm-no-options","11":"first","12":"instock","13":"taxable","14":"shipping-taxable","15":"product-type-variable"},"acf":[],"_links":{"self":[{"href":"https:\/\/grupotextil.es\/en\/wp-json\/wp\/v2\/product\/454914","targetHints":{"allow":["GET"]}}],"collection":[{"href":"https:\/\/grupotextil.es\/en\/wp-json\/wp\/v2\/product"}],"about":[{"href":"https:\/\/grupotextil.es\/en\/wp-json\/wp\/v2\/types\/product"}],"replies":[{"embeddable":true,"href":"https:\/\/grupotextil.es\/en\/wp-json\/wp\/v2\/comments?post=454914"}],"wp:featuredmedia":[{"embeddable":true,"href":"https:\/\/grupotextil.es\/en\/wp-json\/wp\/v2\/media\/454915"}],"wp:attachment":[{"href":"https:\/\/grupotextil.es\/en\/wp-json\/wp\/v2\/media?parent=454914"}],"wp:term":[{"taxonomy":"product_brand","embeddable":true,"href":"https:\/\/grupotextil.es\/en\/wp-json\/wp\/v2\/product_brand?post=454914"},{"taxonomy":"product_cat","embeddable":true,"href":"https:\/\/grupotextil.es\/en\/wp-json\/wp\/v2\/product_cat?post=454914"},{"taxonomy":"product_tag","embeddable":true,"href":"https:\/\/grupotextil.es\/en\/wp-json\/wp\/v2\/product_tag?post=454914"}],"curies":[{"name":"wp","href":"https:\/\/api.w.org\/{rel}","templated":true}]}}

<p>Forro polar para hombre con cremallera entera, bolsillos laterales, puños elásticos y cordón de ajuste con topes, 100% poliéster reciclado. Acabado micropolar antipilin para evitar la aparición de «bolitas». Ideal para trabajos en exteriores, actividades de montaña o al aire libre porque propo</p>
