{"id":455547,"date":"2026-03-13T06:58:56","date_gmt":"2026-03-13T05:58:56","guid":{"rendered":"https:\/\/grupotextil.es\/producto\/chaqueta-polar\/"},"modified":"2026-03-13T06:58:56","modified_gmt":"2026-03-13T05:58:56","slug":"chaqueta-polar","status":"publish","type":"product","link":"https:\/\/grupotextil.es\/en\/product\/chaqueta-polar\/","title":{"rendered":"Chaqueta Polar"},"content":{"rendered":"<p>Chaqueta polar AV.<\/p>\n<p>Caracter&iacute;sticas:<\/p>\n<ul>\n<li>Cierre central con cremallera y protector de barbilla.<\/li>\n<li>Pu&ntilde;os el&aacute;sticos.<\/li>\n<li>Cintas reflectantes en torso y mangas.<\/li>\n<li>Bajo con cord&oacute;n de ajuste con topes.<\/li>\n<li>3 bolsillos: 1 en pecho derecho y 2 inferiores, todos con cierre de cremallera.<\/li>\n<\/ul>","protected":false},"excerpt":{"rendered":"<p>Chaqueta polar AV.Caracter\u00edsticas:Cierre central con cremallera y protector de barbilla.Pu\u00f1os el\u00e1sticos.Cintas reflectantes en torso y mangas.Bajo con cord\u00f3n de ajuste con topes.3 bolsillos: 1 en pecho derecho y 2 inferiores, todos con cierre de cremallera.<\/p>","protected":false},"featured_media":455548,"comment_status":"open","ping_status":"closed","template":"","meta":{"_acf_changed":false},"product_brand":[14180],"product_cat":[13974,13930,13975],"product_tag":[],"class_list":{"0":"post-455547","1":"product","2":"type-product","3":"status-publish","4":"has-post-thumbnail","6":"product_brand-velilla","7":"product_cat-ropa-hombre","8":"product_cat-laboral","9":"product_cat-ropa-mujer","10":"tm-no-options","12":"first","13":"instock","14":"taxable","15":"shipping-taxable","16":"product-type-variable"},"acf":[],"_links":{"self":[{"href":"https:\/\/grupotextil.es\/en\/wp-json\/wp\/v2\/product\/455547","targetHints":{"allow":["GET"]}}],"collection":[{"href":"https:\/\/grupotextil.es\/en\/wp-json\/wp\/v2\/product"}],"about":[{"href":"https:\/\/grupotextil.es\/en\/wp-json\/wp\/v2\/types\/product"}],"replies":[{"embeddable":true,"href":"https:\/\/grupotextil.es\/en\/wp-json\/wp\/v2\/comments?post=455547"}],"wp:featuredmedia":[{"embeddable":true,"href":"https:\/\/grupotextil.es\/en\/wp-json\/wp\/v2\/media\/455548"}],"wp:attachment":[{"href":"https:\/\/grupotextil.es\/en\/wp-json\/wp\/v2\/media?parent=455547"}],"wp:term":[{"taxonomy":"product_brand","embeddable":true,"href":"https:\/\/grupotextil.es\/en\/wp-json\/wp\/v2\/product_brand?post=455547"},{"taxonomy":"product_cat","embeddable":true,"href":"https:\/\/grupotextil.es\/en\/wp-json\/wp\/v2\/product_cat?post=455547"},{"taxonomy":"product_tag","embeddable":true,"href":"https:\/\/grupotextil.es\/en\/wp-json\/wp\/v2\/product_tag?post=455547"}],"curies":[{"name":"wp","href":"https:\/\/api.w.org\/{rel}","templated":true}]}}

<p>Chaqueta polar AV.Características:Cierre central con cremallera y protector de barbilla.Puños elásticos.Cintas reflectantes en torso y mangas.Bajo con cordón de ajuste con topes.3 bolsillos: 1 en pecho derecho y 2 inferiores, todos con cierre de cremallera.</p>
