{"id":455673,"date":"2026-03-13T06:59:22","date_gmt":"2026-03-13T05:59:22","guid":{"rendered":"https:\/\/grupotextil.es\/producto\/cazadora-acolchada-mangas-desmontables\/"},"modified":"2026-03-13T06:59:22","modified_gmt":"2026-03-13T05:59:22","slug":"cazadora-acolchada-mangas-desmontables","status":"publish","type":"product","link":"https:\/\/grupotextil.es\/en\/product\/cazadora-acolchada-mangas-desmontables\/","title":{"rendered":"Cazadora acolchada mangas desmontables"},"content":{"rendered":"<p>Cazadora acolchada con mangas desmontables.<\/p>\n<p>Caracter&iacute;sticas:<\/p>\n<ul>\n<li>Cierre central con cremallera oculta.<\/li>\n<li>Tapeta con velcro y protector de barbilla.<\/li>\n<li>Interior del cuello de micropolar.<\/li>\n<li>Cintura lateral el&aacute;stica.<\/li>\n<li>Pu&ntilde;os el&aacute;sticos con velcro.<\/li>\n<li>Dos cintas reflectantes segmentadas, termoselladas en torso y mangas.<\/li>\n<li>Mangas desmontables con cremallera.<\/li>\n<li>Capucha oculta en cuello.<\/li>\n<li>4 bolsillos: 1 en el pecho derecho con cremallera, 2 en la parte inferior con velcro y 1 en la parte interior con cremallera.<\/li>\n<li>Costuras termoselladas.<\/li>\n<\/ul>","protected":false},"excerpt":{"rendered":"<p>Cazadora acolchada con mangas desmontables.Caracter\u00edsticas:Cierre central con cremallera oculta.Tapeta con velcro y protector de barbilla.Interior del cuello de micropolar.Cintura lateral el\u00e1stica.Pu\u00f1os el\u00e1sticos con velcro.Dos cintas reflectantes segmentadas, termoselladas en torso y mangas.Man<\/p>","protected":false},"featured_media":455674,"comment_status":"open","ping_status":"closed","template":"","meta":{"_acf_changed":false},"product_brand":[14180],"product_cat":[13974,13930,13975],"product_tag":[],"class_list":{"0":"post-455673","1":"product","2":"type-product","3":"status-publish","4":"has-post-thumbnail","6":"product_brand-velilla","7":"product_cat-ropa-hombre","8":"product_cat-laboral","9":"product_cat-ropa-mujer","10":"tm-no-options","12":"first","13":"instock","14":"taxable","15":"shipping-taxable","16":"product-type-variable"},"acf":[],"_links":{"self":[{"href":"https:\/\/grupotextil.es\/en\/wp-json\/wp\/v2\/product\/455673","targetHints":{"allow":["GET"]}}],"collection":[{"href":"https:\/\/grupotextil.es\/en\/wp-json\/wp\/v2\/product"}],"about":[{"href":"https:\/\/grupotextil.es\/en\/wp-json\/wp\/v2\/types\/product"}],"replies":[{"embeddable":true,"href":"https:\/\/grupotextil.es\/en\/wp-json\/wp\/v2\/comments?post=455673"}],"wp:featuredmedia":[{"embeddable":true,"href":"https:\/\/grupotextil.es\/en\/wp-json\/wp\/v2\/media\/455674"}],"wp:attachment":[{"href":"https:\/\/grupotextil.es\/en\/wp-json\/wp\/v2\/media?parent=455673"}],"wp:term":[{"taxonomy":"product_brand","embeddable":true,"href":"https:\/\/grupotextil.es\/en\/wp-json\/wp\/v2\/product_brand?post=455673"},{"taxonomy":"product_cat","embeddable":true,"href":"https:\/\/grupotextil.es\/en\/wp-json\/wp\/v2\/product_cat?post=455673"},{"taxonomy":"product_tag","embeddable":true,"href":"https:\/\/grupotextil.es\/en\/wp-json\/wp\/v2\/product_tag?post=455673"}],"curies":[{"name":"wp","href":"https:\/\/api.w.org\/{rel}","templated":true}]}}

<p>Cazadora acolchada con mangas desmontables.Características:Cierre central con cremallera oculta.Tapeta con velcro y protector de barbilla.Interior del cuello de micropolar.Cintura lateral elástica.Puños elásticos con velcro.Dos cintas reflectantes segmentadas, termoselladas en torso y mangas.Man</p>
