{"id":455889,"date":"2026-03-13T07:00:12","date_gmt":"2026-03-13T06:00:12","guid":{"rendered":"https:\/\/grupotextil.es\/producto\/pantalon-multibolsillos-con-cintas\/"},"modified":"2026-03-13T07:00:12","modified_gmt":"2026-03-13T06:00:12","slug":"pantalon-multibolsillos-con-cintas","status":"publish","type":"product","link":"https:\/\/grupotextil.es\/en\/product\/pantalon-multibolsillos-con-cintas\/","title":{"rendered":"Pantal\u00f3n Multibolsillos Con Cintas"},"content":{"rendered":"<p>Pantal&oacute;n multibolsillos con cintas AV.<\/p>\n<p>Caracter&iacute;sticas:<\/p>\n<ul>\n<li>Cierre central con cremallera y bot&oacute;n.<\/li>\n<li>Cinturilla el&aacute;stica en laterales.<\/li>\n<li>Multibolsillos: 2 bolsillos franceses, 2 laterales y 2 traseros de parche, con tapeta y velcro.<\/li>\n<li>Dos cintas reflectantes segmentadas, termoselladas en el bajo del pantal&oacute;n.<\/li>\n<\/ul>","protected":false},"excerpt":{"rendered":"<p>Pantal\u00f3n multibolsillos con cintas AV.Caracter\u00edsticas:Cierre central con cremallera y bot\u00f3n.Cinturilla el\u00e1stica en laterales.Multibolsillos: 2 bolsillos franceses, 2 laterales y 2 traseros de parche, con tapeta y velcro.Dos cintas reflectantes segmentadas, termoselladas en el bajo del pantal\u00f3n.<\/p>","protected":false},"featured_media":455890,"comment_status":"open","ping_status":"closed","template":"","meta":{"_acf_changed":false},"product_brand":[14180],"product_cat":[13974,13930,13975],"product_tag":[],"class_list":{"0":"post-455889","1":"product","2":"type-product","3":"status-publish","4":"has-post-thumbnail","6":"product_brand-velilla","7":"product_cat-ropa-hombre","8":"product_cat-laboral","9":"product_cat-ropa-mujer","10":"tm-no-options","12":"first","13":"instock","14":"taxable","15":"shipping-taxable","16":"product-type-variable"},"acf":[],"_links":{"self":[{"href":"https:\/\/grupotextil.es\/en\/wp-json\/wp\/v2\/product\/455889","targetHints":{"allow":["GET"]}}],"collection":[{"href":"https:\/\/grupotextil.es\/en\/wp-json\/wp\/v2\/product"}],"about":[{"href":"https:\/\/grupotextil.es\/en\/wp-json\/wp\/v2\/types\/product"}],"replies":[{"embeddable":true,"href":"https:\/\/grupotextil.es\/en\/wp-json\/wp\/v2\/comments?post=455889"}],"wp:featuredmedia":[{"embeddable":true,"href":"https:\/\/grupotextil.es\/en\/wp-json\/wp\/v2\/media\/455890"}],"wp:attachment":[{"href":"https:\/\/grupotextil.es\/en\/wp-json\/wp\/v2\/media?parent=455889"}],"wp:term":[{"taxonomy":"product_brand","embeddable":true,"href":"https:\/\/grupotextil.es\/en\/wp-json\/wp\/v2\/product_brand?post=455889"},{"taxonomy":"product_cat","embeddable":true,"href":"https:\/\/grupotextil.es\/en\/wp-json\/wp\/v2\/product_cat?post=455889"},{"taxonomy":"product_tag","embeddable":true,"href":"https:\/\/grupotextil.es\/en\/wp-json\/wp\/v2\/product_tag?post=455889"}],"curies":[{"name":"wp","href":"https:\/\/api.w.org\/{rel}","templated":true}]}}

Pantalón Multibolsillos Con Cintas

<p>Pantalón multibolsillos con cintas AV.Características:Cierre central con cremallera y botón.Cinturilla elástica en laterales.Multibolsillos: 2 bolsillos franceses, 2 laterales y 2 traseros de parche, con tapeta y velcro.Dos cintas reflectantes segmentadas, termoselladas en el bajo del pantalón.</p>
