{"id":458862,"date":"2026-03-13T07:13:05","date_gmt":"2026-03-13T06:13:05","guid":{"rendered":"https:\/\/grupotextil.es\/producto\/camisa-mahon\/"},"modified":"2026-03-13T07:13:05","modified_gmt":"2026-03-13T06:13:05","slug":"camisa-mahon","status":"publish","type":"product","link":"https:\/\/grupotextil.es\/en\/product\/camisa-mahon\/","title":{"rendered":"CAMISA MAHON"},"content":{"rendered":"<p><strong>Camisa perfecta para climas c&aacute;lidos<\/strong> dando frescura y moda en una sola prenda.<\/p>\n<p>Camisa de manga larga con <strong>cuello mao.<\/strong><\/p>\n<p>Tapeta en manga larga con bot&oacute;n y pliegue.<\/p>\n<p>Pu&ntilde;os con dos botones.<\/p>\n<p style=\"text-align: left\">Bajo redondeado.<\/p>\n<p style=\"text-align: left\">&nbsp;<\/p>\n<p style=\"text-align: left\">&nbsp;<\/p>","protected":false},"excerpt":{"rendered":"<p>Camisa perfecta para climas c\u00e1lidos dando frescura y moda en una sola prenda.Camisa de manga larga con cuello mao.Tapeta en manga larga con bot\u00f3n y pliegue.Pu\u00f1os con dos botones.Bajo redondeado.\u00a0\u00a0<\/p>","protected":false},"featured_media":458863,"comment_status":"open","ping_status":"closed","template":"","meta":{"_acf_changed":false},"product_brand":[14181],"product_cat":[13938,13930,13973],"product_tag":[],"class_list":{"0":"post-458862","1":"product","2":"type-product","3":"status-publish","4":"has-post-thumbnail","6":"product_brand-jhk","7":"product_cat-camisas-corporativas","8":"product_cat-laboral","9":"product_cat-ropa","10":"tm-no-options","12":"first","13":"instock","14":"taxable","15":"shipping-taxable","16":"product-type-variable"},"acf":[],"_links":{"self":[{"href":"https:\/\/grupotextil.es\/en\/wp-json\/wp\/v2\/product\/458862","targetHints":{"allow":["GET"]}}],"collection":[{"href":"https:\/\/grupotextil.es\/en\/wp-json\/wp\/v2\/product"}],"about":[{"href":"https:\/\/grupotextil.es\/en\/wp-json\/wp\/v2\/types\/product"}],"replies":[{"embeddable":true,"href":"https:\/\/grupotextil.es\/en\/wp-json\/wp\/v2\/comments?post=458862"}],"wp:featuredmedia":[{"embeddable":true,"href":"https:\/\/grupotextil.es\/en\/wp-json\/wp\/v2\/media\/458863"}],"wp:attachment":[{"href":"https:\/\/grupotextil.es\/en\/wp-json\/wp\/v2\/media?parent=458862"}],"wp:term":[{"taxonomy":"product_brand","embeddable":true,"href":"https:\/\/grupotextil.es\/en\/wp-json\/wp\/v2\/product_brand?post=458862"},{"taxonomy":"product_cat","embeddable":true,"href":"https:\/\/grupotextil.es\/en\/wp-json\/wp\/v2\/product_cat?post=458862"},{"taxonomy":"product_tag","embeddable":true,"href":"https:\/\/grupotextil.es\/en\/wp-json\/wp\/v2\/product_tag?post=458862"}],"curies":[{"name":"wp","href":"https:\/\/api.w.org\/{rel}","templated":true}]}}

<p>Camisa perfecta para climas cálidos dando frescura y moda en una sola prenda.Camisa de manga larga con cuello mao.Tapeta en manga larga con botón y pliegue.Puños con dos botones.Bajo redondeado.  </p>
