{"id":463507,"date":"2026-03-13T07:35:20","date_gmt":"2026-03-13T06:35:20","guid":{"rendered":"https:\/\/grupotextil.es\/producto\/baby-hooded-sweatshirt\/"},"modified":"2026-03-13T07:35:20","modified_gmt":"2026-03-13T06:35:20","slug":"baby-hooded-sweatshirt","status":"publish","type":"product","link":"https:\/\/grupotextil.es\/en\/product\/baby-hooded-sweatshirt\/","title":{"rendered":"Baby Hooded Sweatshirt"},"content":{"rendered":"<p>Caracter&iacute;sticas:<\/p>\n<ul>\n<li>Chaqueta de beb&eacute;.<\/li>\n<li>2X1 canal&eacute; con licro en pu&ntilde;os y bajo.<\/li>\n<li>Tejido sin perchar (French Terry).<\/li>\n<\/ul>\n<p>Composici&oacute;n de colores:<\/p>\n<ul>\n<li>GM: 61% Algod&oacute;n \/ 31% Poli&eacute;ster reciclado \/ 8% Viscosa.<\/li>\n<\/ul>","protected":false},"excerpt":{"rendered":"<p>Caracter\u00edsticas:Chaqueta de beb\u00e9.2X1 canal\u00e9 con licro en pu\u00f1os y bajo.Tejido sin perchar (French Terry).Composici\u00f3n de colores:GM: 61% Algod\u00f3n \/ 31% Poli\u00e9ster reciclado \/ 8% Viscosa.<\/p>","protected":false},"featured_media":463508,"comment_status":"open","ping_status":"closed","template":"","meta":{"_acf_changed":false},"product_brand":[14181],"product_cat":[13974,13973,13980],"product_tag":[],"class_list":{"0":"post-463507","1":"product","2":"type-product","3":"status-publish","4":"has-post-thumbnail","6":"product_brand-jhk","7":"product_cat-ropa-hombre","8":"product_cat-ropa","9":"product_cat-h-sudaderas","10":"tm-no-options","12":"first","13":"instock","14":"taxable","15":"shipping-taxable","16":"product-type-variable"},"acf":[],"_links":{"self":[{"href":"https:\/\/grupotextil.es\/en\/wp-json\/wp\/v2\/product\/463507","targetHints":{"allow":["GET"]}}],"collection":[{"href":"https:\/\/grupotextil.es\/en\/wp-json\/wp\/v2\/product"}],"about":[{"href":"https:\/\/grupotextil.es\/en\/wp-json\/wp\/v2\/types\/product"}],"replies":[{"embeddable":true,"href":"https:\/\/grupotextil.es\/en\/wp-json\/wp\/v2\/comments?post=463507"}],"wp:featuredmedia":[{"embeddable":true,"href":"https:\/\/grupotextil.es\/en\/wp-json\/wp\/v2\/media\/463508"}],"wp:attachment":[{"href":"https:\/\/grupotextil.es\/en\/wp-json\/wp\/v2\/media?parent=463507"}],"wp:term":[{"taxonomy":"product_brand","embeddable":true,"href":"https:\/\/grupotextil.es\/en\/wp-json\/wp\/v2\/product_brand?post=463507"},{"taxonomy":"product_cat","embeddable":true,"href":"https:\/\/grupotextil.es\/en\/wp-json\/wp\/v2\/product_cat?post=463507"},{"taxonomy":"product_tag","embeddable":true,"href":"https:\/\/grupotextil.es\/en\/wp-json\/wp\/v2\/product_tag?post=463507"}],"curies":[{"name":"wp","href":"https:\/\/api.w.org\/{rel}","templated":true}]}}

<p>Características:Chaqueta de bebé.2X1 canalé con licro en puños y bajo.Tejido sin perchar (French Terry).Composición de colores:GM: 61% Algodón / 31% Poliéster reciclado / 8% Viscosa.</p>
