{"id":463561,"date":"2026-03-13T07:36:01","date_gmt":"2026-03-13T06:36:01","guid":{"rendered":"https:\/\/grupotextil.es\/producto\/kid-sweatshirt-french-terry\/"},"modified":"2026-03-13T07:36:01","modified_gmt":"2026-03-13T06:36:01","slug":"kid-sweatshirt-french-terry","status":"publish","type":"product","link":"https:\/\/grupotextil.es\/en\/product\/kid-sweatshirt-french-terry\/","title":{"rendered":"Kid Sweatshirt French Terry"},"content":{"rendered":"<p><strong>Sudadera cl&aacute;sica infantil con cuello redondo perfecta para personalizar<\/strong>. Disponible en 4 colores desde la talla 1\/2 hasta la 12\/14.<\/p>\n<p>Caracter&iacute;sticas:<\/p>\n<ul>\n<li>Doble costura en cuello, pu&ntilde;os y bajo.<\/li>\n<li>Felpa sin perchar, tejido ligero.<\/li>\n<li>2&#215;1 canal&eacute; con licra en pu&ntilde;os y bajo.<\/li>\n<\/ul>","protected":false},"excerpt":{"rendered":"<p>Sudadera cl\u00e1sica infantil con cuello redondo perfecta para personalizar. Disponible en 4 colores desde la talla 1\/2 hasta la 12\/14.Caracter\u00edsticas:Doble costura en cuello, pu\u00f1os y bajo.Felpa sin perchar, tejido ligero.2&#215;1 canal\u00e9 con licra en pu\u00f1os y bajo.<\/p>","protected":false},"featured_media":463562,"comment_status":"open","ping_status":"closed","template":"","meta":{"_acf_changed":false},"product_brand":[14181],"product_cat":[13974,13973,13980],"product_tag":[],"class_list":{"0":"post-463561","1":"product","2":"type-product","3":"status-publish","4":"has-post-thumbnail","6":"product_brand-jhk","7":"product_cat-ropa-hombre","8":"product_cat-ropa","9":"product_cat-h-sudaderas","10":"tm-no-options","12":"first","13":"instock","14":"taxable","15":"shipping-taxable","16":"product-type-variable"},"acf":[],"_links":{"self":[{"href":"https:\/\/grupotextil.es\/en\/wp-json\/wp\/v2\/product\/463561","targetHints":{"allow":["GET"]}}],"collection":[{"href":"https:\/\/grupotextil.es\/en\/wp-json\/wp\/v2\/product"}],"about":[{"href":"https:\/\/grupotextil.es\/en\/wp-json\/wp\/v2\/types\/product"}],"replies":[{"embeddable":true,"href":"https:\/\/grupotextil.es\/en\/wp-json\/wp\/v2\/comments?post=463561"}],"wp:featuredmedia":[{"embeddable":true,"href":"https:\/\/grupotextil.es\/en\/wp-json\/wp\/v2\/media\/463562"}],"wp:attachment":[{"href":"https:\/\/grupotextil.es\/en\/wp-json\/wp\/v2\/media?parent=463561"}],"wp:term":[{"taxonomy":"product_brand","embeddable":true,"href":"https:\/\/grupotextil.es\/en\/wp-json\/wp\/v2\/product_brand?post=463561"},{"taxonomy":"product_cat","embeddable":true,"href":"https:\/\/grupotextil.es\/en\/wp-json\/wp\/v2\/product_cat?post=463561"},{"taxonomy":"product_tag","embeddable":true,"href":"https:\/\/grupotextil.es\/en\/wp-json\/wp\/v2\/product_tag?post=463561"}],"curies":[{"name":"wp","href":"https:\/\/api.w.org\/{rel}","templated":true}]}}

<p>Sudadera clásica infantil con cuello redondo perfecta para personalizar. Disponible en 4 colores desde la talla 1/2 hasta la 12/14.Características:Doble costura en cuello, puños y bajo.Felpa sin perchar, tejido ligero.2&#215;1 canalé con licra en puños y bajo.</p>
