{"id":463907,"date":"2026-03-13T07:38:39","date_gmt":"2026-03-13T06:38:39","guid":{"rendered":"https:\/\/grupotextil.es\/producto\/kid-full-zip-french-terry-sweatshirt\/"},"modified":"2026-03-13T07:38:39","modified_gmt":"2026-03-13T06:38:39","slug":"kid-full-zip-french-terry-sweatshirt","status":"publish","type":"product","link":"https:\/\/grupotextil.es\/en\/product\/kid-full-zip-french-terry-sweatshirt\/","title":{"rendered":"Kid Full Zip French Terry Sweatshirt"},"content":{"rendered":"<p><strong>Sudadera infantil con cuello alto y sin capucha, con bolsillos laterales y cremallera entera cubierta<\/strong>. Disponible en 3 colores desde la talla 1\/2 hasta las 12\/14.<\/p>\n<p>Caracter&iacute;sticas:<\/p>\n<ul>\n<li>2&#215;1 canal&eacute; con elastano en pu&ntilde;os y bajo.<\/li>\n<li>Felpa sin perchar, tejido ligero.<\/li>\n<li>Cremallera entera cubierta.<\/li>\n<li>Bolsillos laterales.<\/li>\n<\/ul>","protected":false},"excerpt":{"rendered":"<p>Sudadera infantil con cuello alto y sin capucha, con bolsillos laterales y cremallera entera cubierta. Disponible en 3 colores desde la talla 1\/2 hasta las 12\/14.Caracter\u00edsticas:2&#215;1 canal\u00e9 con elastano en pu\u00f1os y bajo.Felpa sin perchar, tejido ligero.Cremallera entera cubierta.Bolsillos laterales<\/p>","protected":false},"featured_media":463908,"comment_status":"open","ping_status":"closed","template":"","meta":{"_acf_changed":false},"product_brand":[14181],"product_cat":[13974,13973,13980],"product_tag":[],"class_list":{"0":"post-463907","1":"product","2":"type-product","3":"status-publish","4":"has-post-thumbnail","6":"product_brand-jhk","7":"product_cat-ropa-hombre","8":"product_cat-ropa","9":"product_cat-h-sudaderas","10":"tm-no-options","12":"first","13":"instock","14":"taxable","15":"shipping-taxable","16":"product-type-variable"},"acf":[],"_links":{"self":[{"href":"https:\/\/grupotextil.es\/en\/wp-json\/wp\/v2\/product\/463907","targetHints":{"allow":["GET"]}}],"collection":[{"href":"https:\/\/grupotextil.es\/en\/wp-json\/wp\/v2\/product"}],"about":[{"href":"https:\/\/grupotextil.es\/en\/wp-json\/wp\/v2\/types\/product"}],"replies":[{"embeddable":true,"href":"https:\/\/grupotextil.es\/en\/wp-json\/wp\/v2\/comments?post=463907"}],"wp:featuredmedia":[{"embeddable":true,"href":"https:\/\/grupotextil.es\/en\/wp-json\/wp\/v2\/media\/463908"}],"wp:attachment":[{"href":"https:\/\/grupotextil.es\/en\/wp-json\/wp\/v2\/media?parent=463907"}],"wp:term":[{"taxonomy":"product_brand","embeddable":true,"href":"https:\/\/grupotextil.es\/en\/wp-json\/wp\/v2\/product_brand?post=463907"},{"taxonomy":"product_cat","embeddable":true,"href":"https:\/\/grupotextil.es\/en\/wp-json\/wp\/v2\/product_cat?post=463907"},{"taxonomy":"product_tag","embeddable":true,"href":"https:\/\/grupotextil.es\/en\/wp-json\/wp\/v2\/product_tag?post=463907"}],"curies":[{"name":"wp","href":"https:\/\/api.w.org\/{rel}","templated":true}]}}

<p>Sudadera infantil con cuello alto y sin capucha, con bolsillos laterales y cremallera entera cubierta. Disponible en 3 colores desde la talla 1/2 hasta las 12/14.Características:2&#215;1 canalé con elastano en puños y bajo.Felpa sin perchar, tejido ligero.Cremallera entera cubierta.Bolsillos laterales</p>
