{"id":465655,"date":"2026-03-13T07:54:57","date_gmt":"2026-03-13T06:54:57","guid":{"rendered":"https:\/\/grupotextil.es\/producto\/urban-wash-pique-polo\/"},"modified":"2026-03-13T07:54:57","modified_gmt":"2026-03-13T06:54:57","slug":"urban-wash-pique-polo","status":"publish","type":"product","link":"https:\/\/grupotextil.es\/en\/product\/urban-wash-pique-polo\/","title":{"rendered":"Urban Wash Pique Polo"},"content":{"rendered":"<p><strong>Polo piqu&eacute; de manga corta para hombre estilo urban, 100% algod&oacute;n, etiqueta TearAway<\/strong>. *Cada polo es &uacute;nico, al estar tintados con pigmentos naturales, los tonos pueden variar.<\/p>\n<p>Caracter&iacute;sticas:<\/p>\n<ul>\n<li>Tejido piqu&eacute;.<\/li>\n<li>Tapeta con tres botones.<\/li>\n<li>Parte posterior del cuello en punto liso.<\/li>\n<li>Aberturas laterales.<\/li>\n<li>200 g\/m&sup2;<\/li>\n<li>100% Algod&oacute;n<\/li>\n<li>*Cada polo es &uacute;nico. Al estar tintados con pigmentos naturales, los tonos pueden variar.<\/li>\n<li>Etiqueta removible<\/li>\n<\/ul>","protected":false},"excerpt":{"rendered":"<p>Polo piqu\u00e9 de manga corta para hombre estilo urban, 100% algod\u00f3n, etiqueta TearAway. *Cada polo es \u00fanico, al estar tintados con pigmentos naturales, los tonos pueden variar.<\/p>","protected":false},"featured_media":465656,"comment_status":"open","ping_status":"closed","template":"","meta":{"_acf_changed":false},"product_brand":[],"product_cat":[13974,13975,13979,13988,13973],"product_tag":[],"class_list":{"0":"post-465655","1":"product","2":"type-product","3":"status-publish","4":"has-post-thumbnail","6":"product_cat-ropa-hombre","7":"product_cat-ropa-mujer","8":"product_cat-h-polos","9":"product_cat-m-polos","10":"product_cat-ropa","11":"tm-no-options","13":"first","14":"instock","15":"taxable","16":"shipping-taxable","17":"product-type-variable"},"acf":[],"_links":{"self":[{"href":"https:\/\/grupotextil.es\/en\/wp-json\/wp\/v2\/product\/465655","targetHints":{"allow":["GET"]}}],"collection":[{"href":"https:\/\/grupotextil.es\/en\/wp-json\/wp\/v2\/product"}],"about":[{"href":"https:\/\/grupotextil.es\/en\/wp-json\/wp\/v2\/types\/product"}],"replies":[{"embeddable":true,"href":"https:\/\/grupotextil.es\/en\/wp-json\/wp\/v2\/comments?post=465655"}],"wp:featuredmedia":[{"embeddable":true,"href":"https:\/\/grupotextil.es\/en\/wp-json\/wp\/v2\/media\/465656"}],"wp:attachment":[{"href":"https:\/\/grupotextil.es\/en\/wp-json\/wp\/v2\/media?parent=465655"}],"wp:term":[{"taxonomy":"product_brand","embeddable":true,"href":"https:\/\/grupotextil.es\/en\/wp-json\/wp\/v2\/product_brand?post=465655"},{"taxonomy":"product_cat","embeddable":true,"href":"https:\/\/grupotextil.es\/en\/wp-json\/wp\/v2\/product_cat?post=465655"},{"taxonomy":"product_tag","embeddable":true,"href":"https:\/\/grupotextil.es\/en\/wp-json\/wp\/v2\/product_tag?post=465655"}],"curies":[{"name":"wp","href":"https:\/\/api.w.org\/{rel}","templated":true}]}}

<p>Polo piqué de manga corta para hombre estilo urban, 100% algodón, etiqueta TearAway. *Cada polo es único, al estar tintados con pigmentos naturales, los tonos pueden variar.</p>
